{"id":528,"date":"2024-09-19T13:56:51","date_gmt":"2024-09-19T16:56:51","guid":{"rendered":"https:\/\/implantecapilarbrasil.com.br\/?page_id=528"},"modified":"2025-05-09T14:36:48","modified_gmt":"2025-05-09T17:36:48","slug":"obrigado","status":"publish","type":"page","link":"https:\/\/implantecapilarbrasil.com.br\/?page_id=528","title":{"rendered":"Obrigado!"},"content":{"rendered":"\t\t<div data-elementor-type=\"wp-page\" data-elementor-id=\"528\" class=\"elementor elementor-528\" data-elementor-settings=\"[]\">\n\t\t\t\t\t\t\t<div class=\"elementor-section-wrap\">\n\t\t\t\t\t\t\t<section class=\"elementor-section elementor-top-section elementor-element elementor-element-da13750 elementor-section-boxed elementor-section-height-default elementor-section-height-default\" data-id=\"da13750\" data-element_type=\"section\">\n\t\t\t\t\t\t<div class=\"elementor-container elementor-column-gap-default\">\n\t\t\t\t\t<div class=\"elementor-column elementor-col-100 elementor-top-column elementor-element elementor-element-80c9801\" data-id=\"80c9801\" data-element_type=\"column\">\n\t\t\t<div class=\"elementor-widget-wrap elementor-element-populated\">\n\t\t\t\t\t\t\t\t<section class=\"elementor-section elementor-inner-section elementor-element elementor-element-68acca5 elementor-section-boxed elementor-section-height-default elementor-section-height-default\" data-id=\"68acca5\" data-element_type=\"section\">\n\t\t\t\t\t\t<div class=\"elementor-container elementor-column-gap-default\">\n\t\t\t\t\t<div class=\"elementor-column elementor-col-33 elementor-inner-column elementor-element elementor-element-0e97e5f\" data-id=\"0e97e5f\" data-element_type=\"column\">\n\t\t\t<div class=\"elementor-widget-wrap\">\n\t\t\t\t\t\t\t\t\t<\/div>\n\t\t<\/div>\n\t\t\t\t<div class=\"elementor-column elementor-col-33 elementor-inner-column elementor-element elementor-element-4854705\" data-id=\"4854705\" data-element_type=\"column\">\n\t\t\t<div class=\"elementor-widget-wrap elementor-element-populated\">\n\t\t\t\t\t\t\t\t<div class=\"elementor-element elementor-element-9961838 elementor-widget elementor-widget-text-editor\" data-id=\"9961838\" data-element_type=\"widget\" data-widget_type=\"text-editor.default\">\n\t\t\t\t<div class=\"elementor-widget-container\">\n\t\t\t\t\t\t\t\t<p>Clique Abaixo e Solicite Sua Avalia\u00e7\u00e3o para Transplante Capilar<\/p>\t\t\t\t\t\t<\/div>\n\t\t\t\t<\/div>\n\t\t\t\t<div class=\"elementor-element elementor-element-d95d810 elementor-align-justify elementor-widget elementor-widget-button\" data-id=\"d95d810\" data-element_type=\"widget\" data-widget_type=\"button.default\">\n\t\t\t\t<div class=\"elementor-widget-container\">\n\t\t\t\t\t<div class=\"elementor-button-wrapper\">\n\t\t\t<a href=\"https:\/\/wa.me\/558594235799?text=Ol%C3%A1!%20Vi%20o%20an%C3%BAncio%20no%20Google%20e%20Gostaria%20de%20Solicitar%20Minha%20Avalia%C3%A7%C3%A3o%20-%20W\" target=\"_blank\" class=\"elementor-button-link elementor-button elementor-size-sm\" role=\"button\">\n\t\t\t\t\t\t<span class=\"elementor-button-content-wrapper\">\n\t\t\t\t\t\t<span class=\"elementor-button-text\">iniciar WhatsApp<\/span>\n\t\t<\/span>\n\t\t\t\t\t<\/a>\n\t\t<\/div>\n\t\t\t\t<\/div>\n\t\t\t\t<\/div>\n\t\t\t\t\t<\/div>\n\t\t<\/div>\n\t\t\t\t<div class=\"elementor-column elementor-col-33 elementor-inner-column elementor-element elementor-element-00aab48\" data-id=\"00aab48\" data-element_type=\"column\">\n\t\t\t<div class=\"elementor-widget-wrap\">\n\t\t\t\t\t\t\t\t\t<\/div>\n\t\t<\/div>\n\t\t\t\t\t\t\t<\/div>\n\t\t<\/section>\n\t\t\t\t\t<\/div>\n\t\t<\/div>\n\t\t\t\t\t\t\t<\/div>\n\t\t<\/section>\n\t\t\t\t\t\t<\/div>\n\t\t\t\t\t<\/div>\n\t\t","protected":false},"excerpt":{"rendered":"<p>Clique Abaixo e Solicite Sua Avalia\u00e7\u00e3o para Transplante Capilar iniciar WhatsApp<\/p>\n","protected":false},"author":1,"featured_media":0,"parent":0,"menu_order":0,"comment_status":"closed","ping_status":"closed","template":"","meta":{"footnotes":""},"yoast_head":"<!-- This site is optimized with the Yoast SEO plugin v18.1 - https:\/\/yoast.com\/wordpress\/plugins\/seo\/ -->\n<title>Obrigado! -<\/title>\n<meta name=\"description\" content=\"Dr. Davi Pontes M\u00e9dico Cirurgi\u00e3o Pl\u00e1stico Atuante na \u00c1rea de Transplante Capilar FUE. Fio a Fio Cl\u00ednica em Fortaleza. Solicite Agora Online Sua Avalia\u00e7\u00e3o.\" \/>\n<meta name=\"robots\" content=\"index, follow, max-snippet:-1, max-image-preview:large, max-video-preview:-1\" \/>\n<link rel=\"canonical\" href=\"https:\/\/implantecapilarbrasil.com.br\/?page_id=528\" \/>\n<meta property=\"og:locale\" content=\"pt_BR\" \/>\n<meta property=\"og:type\" content=\"article\" \/>\n<meta property=\"og:title\" content=\"Obrigado! -\" \/>\n<meta property=\"og:description\" content=\"Dr. Davi Pontes M\u00e9dico Cirurgi\u00e3o Pl\u00e1stico Atuante na \u00c1rea de Transplante Capilar FUE. Fio a Fio Cl\u00ednica em Fortaleza. Solicite Agora Online Sua Avalia\u00e7\u00e3o.\" \/>\n<meta property=\"og:url\" content=\"https:\/\/implantecapilarbrasil.com.br\/?page_id=528\" \/>\n<meta property=\"article:modified_time\" content=\"2025-05-09T17:36:48+00:00\" \/>\n<meta name=\"twitter:card\" content=\"summary_large_image\" \/>\n<meta name=\"twitter:label1\" content=\"Est. tempo de leitura\" \/>\n\t<meta name=\"twitter:data1\" content=\"3 minutos\" \/>\n<script type=\"application\/ld+json\" class=\"yoast-schema-graph\">{\"@context\":\"https:\/\/schema.org\",\"@graph\":[{\"@type\":\"WebSite\",\"@id\":\"https:\/\/implantecapilarbrasil.com.br\/#website\",\"url\":\"https:\/\/implantecapilarbrasil.com.br\/\",\"name\":\"\",\"description\":\"\",\"potentialAction\":[{\"@type\":\"SearchAction\",\"target\":{\"@type\":\"EntryPoint\",\"urlTemplate\":\"https:\/\/implantecapilarbrasil.com.br\/?s={search_term_string}\"},\"query-input\":\"required name=search_term_string\"}],\"inLanguage\":\"pt-BR\"},{\"@type\":\"WebPage\",\"@id\":\"https:\/\/implantecapilarbrasil.com.br\/?page_id=528#webpage\",\"url\":\"https:\/\/implantecapilarbrasil.com.br\/?page_id=528\",\"name\":\"Obrigado! -\",\"isPartOf\":{\"@id\":\"https:\/\/implantecapilarbrasil.com.br\/#website\"},\"datePublished\":\"2024-09-19T16:56:51+00:00\",\"dateModified\":\"2025-05-09T17:36:48+00:00\",\"description\":\"Dr. Davi Pontes M\u00e9dico Cirurgi\u00e3o Pl\u00e1stico Atuante na \u00c1rea de Transplante Capilar FUE. Fio a Fio Cl\u00ednica em Fortaleza. Solicite Agora Online Sua Avalia\u00e7\u00e3o.\",\"breadcrumb\":{\"@id\":\"https:\/\/implantecapilarbrasil.com.br\/?page_id=528#breadcrumb\"},\"inLanguage\":\"pt-BR\",\"potentialAction\":[{\"@type\":\"ReadAction\",\"target\":[\"https:\/\/implantecapilarbrasil.com.br\/?page_id=528\"]}]},{\"@type\":\"BreadcrumbList\",\"@id\":\"https:\/\/implantecapilarbrasil.com.br\/?page_id=528#breadcrumb\",\"itemListElement\":[{\"@type\":\"ListItem\",\"position\":1,\"name\":\"In\u00edcio\",\"item\":\"https:\/\/implantecapilarbrasil.com.br\/\"},{\"@type\":\"ListItem\",\"position\":2,\"name\":\"Obrigado!\"}]}]}<\/script>\n<!-- \/ Yoast SEO plugin. -->","yoast_head_json":{"title":"Obrigado! -","description":"Dr. Davi Pontes M\u00e9dico Cirurgi\u00e3o Pl\u00e1stico Atuante na \u00c1rea de Transplante Capilar FUE. Fio a Fio Cl\u00ednica em Fortaleza. Solicite Agora Online Sua Avalia\u00e7\u00e3o.","robots":{"index":"index","follow":"follow","max-snippet":"max-snippet:-1","max-image-preview":"max-image-preview:large","max-video-preview":"max-video-preview:-1"},"canonical":"https:\/\/implantecapilarbrasil.com.br\/?page_id=528","og_locale":"pt_BR","og_type":"article","og_title":"Obrigado! -","og_description":"Dr. Davi Pontes M\u00e9dico Cirurgi\u00e3o Pl\u00e1stico Atuante na \u00c1rea de Transplante Capilar FUE. Fio a Fio Cl\u00ednica em Fortaleza. Solicite Agora Online Sua Avalia\u00e7\u00e3o.","og_url":"https:\/\/implantecapilarbrasil.com.br\/?page_id=528","article_modified_time":"2025-05-09T17:36:48+00:00","twitter_card":"summary_large_image","twitter_misc":{"Est. tempo de leitura":"3 minutos"},"schema":{"@context":"https:\/\/schema.org","@graph":[{"@type":"WebSite","@id":"https:\/\/implantecapilarbrasil.com.br\/#website","url":"https:\/\/implantecapilarbrasil.com.br\/","name":"","description":"","potentialAction":[{"@type":"SearchAction","target":{"@type":"EntryPoint","urlTemplate":"https:\/\/implantecapilarbrasil.com.br\/?s={search_term_string}"},"query-input":"required name=search_term_string"}],"inLanguage":"pt-BR"},{"@type":"WebPage","@id":"https:\/\/implantecapilarbrasil.com.br\/?page_id=528#webpage","url":"https:\/\/implantecapilarbrasil.com.br\/?page_id=528","name":"Obrigado! -","isPartOf":{"@id":"https:\/\/implantecapilarbrasil.com.br\/#website"},"datePublished":"2024-09-19T16:56:51+00:00","dateModified":"2025-05-09T17:36:48+00:00","description":"Dr. Davi Pontes M\u00e9dico Cirurgi\u00e3o Pl\u00e1stico Atuante na \u00c1rea de Transplante Capilar FUE. Fio a Fio Cl\u00ednica em Fortaleza. Solicite Agora Online Sua Avalia\u00e7\u00e3o.","breadcrumb":{"@id":"https:\/\/implantecapilarbrasil.com.br\/?page_id=528#breadcrumb"},"inLanguage":"pt-BR","potentialAction":[{"@type":"ReadAction","target":["https:\/\/implantecapilarbrasil.com.br\/?page_id=528"]}]},{"@type":"BreadcrumbList","@id":"https:\/\/implantecapilarbrasil.com.br\/?page_id=528#breadcrumb","itemListElement":[{"@type":"ListItem","position":1,"name":"In\u00edcio","item":"https:\/\/implantecapilarbrasil.com.br\/"},{"@type":"ListItem","position":2,"name":"Obrigado!"}]}]}},"_links":{"self":[{"href":"https:\/\/implantecapilarbrasil.com.br\/index.php?rest_route=\/wp\/v2\/pages\/528"}],"collection":[{"href":"https:\/\/implantecapilarbrasil.com.br\/index.php?rest_route=\/wp\/v2\/pages"}],"about":[{"href":"https:\/\/implantecapilarbrasil.com.br\/index.php?rest_route=\/wp\/v2\/types\/page"}],"author":[{"embeddable":true,"href":"https:\/\/implantecapilarbrasil.com.br\/index.php?rest_route=\/wp\/v2\/users\/1"}],"replies":[{"embeddable":true,"href":"https:\/\/implantecapilarbrasil.com.br\/index.php?rest_route=%2Fwp%2Fv2%2Fcomments&post=528"}],"version-history":[{"count":11,"href":"https:\/\/implantecapilarbrasil.com.br\/index.php?rest_route=\/wp\/v2\/pages\/528\/revisions"}],"predecessor-version":[{"id":849,"href":"https:\/\/implantecapilarbrasil.com.br\/index.php?rest_route=\/wp\/v2\/pages\/528\/revisions\/849"}],"wp:attachment":[{"href":"https:\/\/implantecapilarbrasil.com.br\/index.php?rest_route=%2Fwp%2Fv2%2Fmedia&parent=528"}],"curies":[{"name":"wp","href":"https:\/\/api.w.org\/{rel}","templated":true}]}}